2
Calculate the remainder when 104227 is divided by 2603.
107
Calculate the remainder when 45718514 is divided by 6601.
6589
Calculate the remainder when 111441 is divided by 36169.
2934
What is the remainder when 1865320 is divided by 3369?
2263
What is the remainder when 204193 is divided by 314?
93
What is the remainder when 129148 is divided by 651?
250
What is the remainder when 4382985 is divided by 600?
585
What is the remainder when 138234 is divided by 31?
5
What is the remainder when 2325485265 is divided by 27?
24
What is the remainder when 42422 is divided by 9956?
2598
Calculate the remainder when 12659014 is divided by 973770.
4
Calculate the remainder when 2201921 is divided by 3071.
14
Calculate the remainder when 3177718 is divided by 3345.
3313
What is the remainder when 3908405 is divided by 22?
17
What is the remainder when 15011530 is divided by 1509?
1507
What is the remainder when 14214580 is divided by 2387?
2382
What is the remainder when 2930072 is divided by 28726?
20
What is the remainder when 1187017 is divided by 22384?
665
Calculate the remainder when 1417543 is divided by 507.
478
Calculate the remainder when 1403397 is divided by 100.
97
What is the remainder when 375382533 is divided by 11?
9
Calculate the remainder when 21537702 is divided by 868.
18
What is the remainder when 280615 is divided by 119?
13
Calculate the remainder when 1628104 is divided by 663.
439
Calculate the remainder when 190673866 is divided by 924.
922
What is the remainder when 2934858 is divided by 2934768?
90
What is the remainder when 6571175 is divided by 6571127?
48
What is the remainder when 93368 is divided by 250?
118
Calculate the remainder when 528346 is divided by 263751.
844
What is the remainder when 62246 is divided by 15429?
530
Calculate the remainder when 284675497 is divided by 25.
22
What is the remainder when 50088574 is divided by 7155507?
25
Calculate the remainder when 1268409 is divided by 12080.
9
Calculate the remainder when 16383 is divided by 1818.
21
What is the remainder when 54886 is divided by 54?
22
Calculate the remainder when 1468304 is divided by 734148.
8
Calculate the remainder when 942961 is divided by 188566.
131
Calculate the remainder when 306525 is divided by 2026.
599
What is the remainder when 26394995 is divided by 440?
275
What is the remainder when 216435 is divided by 898?
17
What is the remainder when 4354735 is divided by 4915?
45
Calculate the remainder when 59833259 is divided by 993.
44
Calculate the remainder when 6080993 is divided by 4356.
17
What is the remainder when 822466 is divided by 117461?
239
Calculate the remainder when 85027206 is divided by 1360.
6
What is the remainder when 172705 is divided by 131?
47
What is the remainder when 195056 is divided by 1073?
843
Calculate the remainder when 4634672 is divided by 162.
14
What is the remainder when 214138 is divided by 1321?
136
What is the remainder when 3508238 is divided by 133?
97
What is the remainder when 49586148 is divided by 202?
198
What is the remainder when 4390962 is divided by 152?
138
Calculate the remainder when 8695401 is divided by 17531.
25
Calculate the remainder when 5708152 is divided by 111921.
181
Calculate the remainder when 320441 is divided by 160106.
229
Calculate the remainder when 54716 is divided by 342.
338
What is the remainder when 232770985 is divided by 153?
151
Calculate the remainder when 87988551 is divided by 18.
15
Calculate the remainder when 2945258 is divided by 331.
20
Calculate the remainder when 2554724 is divided by 1378.
1290
What is the remainder when 7016234 is divided by 908?
118
What is the remainder when 6625651 is divided by 694?
33
Calculate the remainder when 133627208 is divided by 113.
75
What is the remainder when 2906912 is divided by 2906898?
14
Calculate the remainder when 474603 is divided by 2859.
9
Calculate the remainder when 1056188 is divided by 1361.
52
What is the remainder when 20527 is divided by 333?
214
Calculate the remainder when 3703663 is divided by 38.
31
Calculate the remainder when 2740053 is divided by 4529.
8
Calculate the remainder when 480817 is divided by 7463.
3185
What is the remainder when 4106424 is divided by 151?
130
What is the remainder when 16763963 is divided by 84?
83
What is the remainder when 2013481 is divided by 2948?
2945
Calculate the remainder when 433093 is divided by 819.
661
What is the remainder when 3723680 is divided by 185?
0
Calculate the remainder when 243036597 is divided by 2850.
2847
What is the remainder when 486306 is divided by 69463?
65
What is the remainder when 1516936 is divided by 1260?
1156
What is the remainder when 607388069 is divided by 745?
744
Calculate the remainder when 110597270 is divided by 6146.
0
Calculate the remainder when 14884978 is divided by 1254.
1252
Calculate the remainder when 13184167 is divided by 1779.
1777
Calculate the remainder when 7234029 is divided by 43842.
99
What is the remainder when 12992748 is divided by 12763?
14
What is the remainder when 12610 is divided by 4083?
361
What is the remainder when 306422 is divided by 126?
116
Calculate the remainder when 1126103 is divided by 562788.
527
Calculate the remainder when 685916 is divided by 911.
844
What is the remainder when 39089059 is divided by 12425?
9
What is the remainder when 2869272 is divided by 168779?
29
Calculate the remainder when 312382 is divided by 311988.
394
Calculate the remainder when 763439 is divided by 42407.
113
What is the remainder when 12889880 is divided by 296?
264
What is the remainder when 5567298 is divided by 2783627?
44
Calculate the remainder when 58257 is divided by 871.
771
What is the remainder when 5882858 is divided by 2527?
2
Calculate the remainder when 6994 is divided by 168.
106
Calculate the remainder when 6983028 is divided by 19.
15
What is the remainder when 11887342 is divided by 77190?
82
What is the remainder when 6800646 is divided by 57631?
188
What is the remainder when 941276 is divided by 97?
85
What is the remainder when 3907130 is divided by 2316?
38
Calculate the remainder when 16936043 is divided by 100213.
46
What is the remainder when 13834105 is divided by 72811?
15
Calculate the remainder when 1438804 is divided by 478693.
2725
What is the remainder when 179806 is divided by 59866?
208
What is the remainder when 35505161 is divided by 152?
89
What is the remainder when 443940 is divided by 88783?
25
Calculate the remainder when 4492860 is divided by 2840.
2820
What is the remainder when 577745 is divided by 14091?
14
What is the remainder when 3588324 is divided by 238?
236
What is the remainder when 1320872 is divided by 6916?
6832
Calculate the remainder when 567058 is divided by 260.
258
What is the remainder when 207632 is divided by 103801?
30
Calculate the remainder when 77613 is divided by 430.
213
What is the remainder when 2426938 is divided by 183?
175
What is the remainder when 44877511 is divided by 22438732?
47
What is the remainder when 189622499 is divided by 150?
149
Calculate the remainder when 26363584 is divided by 55.
49
Calculate the remainder when 1172401 is divided by 15426.
25
Calculate the remainder when 94827 is divided by 6763.
145
What is the remainder when 329794 is divided by 134?
20
What is the remainder when 1534718 is divided by 49504?
94
Calculate the remainder when 65462 is divided by 16345.
82
What is the remainder when 9065155 is divided by 18?
13
What is the remainder when 493077 is divided by 45?
12
What is the remainder when 3125622 is divided by 240412?
266
Calculate the remainder when 634594 is divided by 1845.
1759
What is the remainder when 6793346 is divided by 620?
6
What is the remainder when 302604 is divided by 875?
729
Calculate the remainder when 44878223 is divided by 4243.
12
Calculate the remainder when 8464955 is divided by 651.
2
What is the remainder when 19695642 is divided by 28?
22
Calculate the remainder when 872286 is divided by 37.
11
Calculate the remainder when 8682595 is divided by 31.
22
Calculate the remainder when 29008550 is divided by 7.
4
What is the remainder when 1128841639 is divided by 12?
7
What is the remainder when 45220886 is divided by 3014724?
26
What is the remaind